of j(12)?
2, 4817
Suppose 4*n - 20 = 0, 0*z - 4*z - 3*n = -31. Suppose -z*o = -4*s + 1056, 5*s - 1312 = -3*o + 4*o. What are the prime factors of s?
2, 131
Let m(r) = 1230*r**2 + 54*r - 113. What are the prime factors of m(2)?
5, 983
Let a be (0 + -2)/(77/(-15) - -5). Suppose a*n + 6020 = 25*n. What are the prime factors of n?
2, 7, 43
Suppose 17*a + 244 = 13*a. Let w = 15 + a. Let y = 73 + w. What are the prime factors of y?
3
Suppose 4*m - 8 = 0, 2*n + 3*m + 5248 = 103120. List the prime factors of n.
3, 5437
What are the prime factors of (162084/208)/((-12)/(-64))?
2, 1039
Let s = -64949 - -97693. What are the prime factors of s?
2, 4093
Let u(o) = 316*o**2 - 160*o + 28. What are the prime factors of u(-9)?
2, 17, 199
Let d = 7596 - 2289. Suppose -6*u + d + 3039 = 0. List the prime factors of u.
13, 107
Suppose 3*d = -0*d. Let m(b) = -3*b**3 + 4*b**2 - 4*b - 79. Let v(o) = 2*o**3 - 3*o**2 + 3*o + 80. Let t(g) = 3*m(g) + 4*v(g). List the prime factors of t(d).
83
Suppose 0 = 4*w - 4*o - 96, -12 = 3*w + o - 64. Let u = w - 6. Suppose 500 = 17*m - u*m. What are the prime factors of m?
5
Let l = 20396 + -11371. What are the prime factors of l?
5, 19
Let t(c) = 2*c**2 + 18*c - 34. Let v = -312 - -324. List the prime factors of t(v).
2, 5, 47
Suppose -5 = 4*w - 5*a, -4*w + 5*w + a = 1. Suppose -8496 = -w*n - 6*n. List the prime factors of n.
2, 3, 59
Suppose -d = -6*d - 390. Let y = 57 + -151. What are the prime factors of (51/d + (-2)/(-13))*y?
47
Let m(i) = 41*i**3 + 23*i**2 - 71*i - 47. What are the prime factors of m(5)?
2, 3, 883
Suppose 4*q = -7 - 29. Let n be 1 - -1 - (6 + q). Suppose 8*l - 729 = n*l. List the prime factors of l.
3
Let b = -520 - -504. What are the prime factors of 5/(351/(-1239) - b/56)?
5, 7, 59
Let t(z) be the third derivative of -z**5/30 + 7*z**4/4 + 4*z**3/3 - z**2 + 12*z. What are the prime factors of t(21)?
2
Let i be (2 - -1 - (-9 + 20)) + 2. List the prime factors of (0 + (-1884)/18)/(2/i).
2, 157
Let s = -82 + 85. Suppose -2*x = -4*q + 1542, -s*q = 2*q + 5*x - 1935. List the prime factors of q.
2, 193
Let v(r) = -r**3 - 3*r**2 + 2*r - 211. Let n be v(0). List the prime factors of -1*(-2)/(-6)*(n - 116).
109
Let n = -37 + 44. Suppose n*x - 632 = 1216. List the prime factors of x.
2, 3, 11
Let a = 11642 - 6121. What are the prime factors of a?
5521
Let p be 1417*2 - 15/(15/2). Suppose -12*z = 4*z - p. List the prime factors of z.
3, 59
List the prime factors of -8 - ((-36)/(-30) - (-16)/(-5) - 34042).
2, 67, 127
Let i(j) = -4*j**2 + j + 8. Let m be i(3). Let o be ((-70)/m)/7*(15 + 0). List the prime factors of (4/5)/(o/585).
2, 3, 13
Let p = 22 - 4. Let s = 28 - p. Suppose -6*j = -68 - s. What are the prime factors of j?
13
Let h(z) = z**3 - z**2 + 158. Let y(b) = -2*b - 3. Let n be y(-12). Let j = n - 21. List the prime factors of h(j).
2, 79
Suppose -4*r - 2264 = 4*r. Let n = -196 - r. List the prime factors of n.
3, 29
Let a(u) = -2*u + 45 + 5*u - 22*u - 5*u. List the prime factors of a(-10).
3, 5, 19
What are the prime factors of (43/86*2/(-3))/((-1)/204279)?
149, 457
Suppose 4*u = 5*r - 20304, 3*r - 3*u + 3569 - 15752 = 0. List the prime factors of r.
2, 5, 7, 29
Suppose 18 = 14*b - 10. Suppose 2*z - 3*v + 7 = 0, -6 - 4 = b*z - 4*v. Let i = 56 - z. What are the prime factors of i?
5, 11
Let p = 26 - -338. Let h = p - 108. List the prime factors of h.
2
Let k(s) = -7*s**2 - 9*s**2 - 24*s + 3*s**2 - 24*s - s**3 + 2*s**3. List the prime factors of k(20).
2, 5, 23
Suppose -q = 5*c - 28, -2*c + 1 + 3 = -2*q. Suppose -1 - 2 = -q*g, 3*s - 2426 = g. List the prime factors of s.
809
Let s = 262 + -2125. Let z = s + 2687. List the prime factors of z.
2, 103
Let z = 6 + 2. Let m(p) = -p + 6. Let f be m(z). What are the prime factors of f/5 + (-1177)/(-55)?
3, 7
Let j(m) be the third derivative of m**4/24 - 11*m**3/2 + 44*m**2. Let t be j(13). Let i = 78 + t. List the prime factors of i.
2, 29
Suppose 7*k - 3*k - 3*w + 100 = 0, -5*k + 2*w = 132. Let u(i) = -5*i + 8. Let z be u(-6). Let a = z - k. List the prime factors of a.
2, 3, 11
Suppose 0 = r + 4*c - 20988, -12*r + 3*c = -11*r - 20953. List the prime factors of r.
2, 2621
Let n = 363 + 167. Let p be n + 11 - (2 - 1). Suppose p - 220 = 5*l. List the prime factors of l.
2
Suppose -10 = 2*m, 7*d + 5 = 4*d - m. Suppose -2*r - 28 + 70 = d. Suppose 0 = -3*f + 90 + r. List the prime factors of f.
37
Let i(u) = -u**3 - 65*u**2 - 819*u - 67. What are the prime factors of i(-55)?
2, 7, 263
Suppose 465424 = -332*u + 351*u. What are the prime factors of u?
2, 1531
Let d = -214 - -214. Suppose -18*p - 17*p + 28105 = d. List the prime factors of p.
11, 73
Suppose -2*b = -3*z + 3*b, -3*z - 2*b - 21 = 0. List the prime factors of (3/(-2))/((-3)/414) - z.
2, 53
Let y(h) = -h**3 + 2*h**2 - 4*h - 935. Let p be y(0). Let v = p + 1728. What are the prime factors of v?
13, 61
Suppose 0 = -l - 13 + 15. Suppose l*w - 134 = 600. Suppose -2*n - v = -6*n + w, 12 = -4*v. What are the prime factors of n?
7, 13
Let u(q) = -q**3 + 22*q**2 + 3*q - 5. Let p be 224/5 + 15/75. Let s = p - 23. What are the prime factors of u(s)?
61
Suppose 0 = -h - 5, 4*h - 1523 = -4*v + 3*h. Let k = v + 10. What are the prime factors of k?
2, 7
Suppose 5*c - 2*l = 78846, -c = -284*l + 279*l - 15737. What are the prime factors of c?
2, 3943
Let c(n) be the second derivative of 11*n + 5/6*n**3 - 27/2*n**2 + 0. What are the prime factors of c(9)?
2, 3
Suppose 0 = 4*r - 7 - 25. Suppose 6*q = 10*q + r. List the prime factors of (-9)/(-8)*q*-36.
3
Suppose 87101 + 1249 = 15*d. List the prime factors of d.
2, 5, 19, 31
Let g = 54 - -5. Let z = g + -56. Suppose 0 = -3*w - w - y + 1174, 5*w - z*y = 1459. What are the prime factors of w?
293
Suppose -o = -6, 5*o = -3*z + 720 + 1551. List the prime factors of z.
3, 83
Let a = 66 + -181. Let f = 226 + a. Let p = 85 + f. List the prime factors of p.
2, 7
Let u = 113 - 76. Let k = -34 + u. Suppose 6*i = -k*i + 117. What are the prime factors of i?
13
Let t = 20653 + -13413. What are the prime factors of t?
2, 5, 181
Let s be 1*((-63)/3 + 3). Let c(n) = -122*n - 383. List the prime factors of c(s).
7, 37
Let x(n) = -n - 1. Let b(k) = -68*k + 2. Let m(c) = c**3 + 12*c**2 + 8*c - 27. Let t be m(-11). Let w(o) = t*x(o) + 2*b(o). What are the prime factors of w(-1)?
2, 5, 7
Let x = -10849 - -15739. List the prime factors of x.
2, 3, 5, 163
Suppose 0 = 6*i - 15*i. Suppose i = -6*j + 11 - 11. Suppose 4*q + 6*c - 2*c - 172 = j, 0 = -4*q + 5*c + 190. List the prime factors of q.
3, 5
Let l(i) be the first derivative of 83*i**2/2 - i + 5. Let u be (-10)/(-14) - 6/(-21). What are the prime factors of l(u)?
2, 41
Let n = -18 + 53. Suppose n*u = 32*u - 36. What are the prime factors of (-11)/66 - 782/u?
5, 13
Let q(f) = 74 - f**3 - 154 - 4*f + 69. What are the prime factors of q(-5)?
2, 67
Suppose -d = -3*d + 5*l + 24, 0 = -4*d + l + 12. Suppose 0*n - 1408 = -8*n. Suppose r + 4*s = n, -11 = d*s - 7. List the prime factors of r.
2, 23
Let w = -2425 + 19038. List the prime factors of w.
37, 449
Suppose 6*n = n - 80. Let h(g) = -2*g**2 - 32*g + 10. Let x be h(n). Suppose -x*b + 1122 = -228. What are the prime factors of b?
3, 5
Let w = -142 - -395. Suppose 6*q - 3*f = 10*q - 1011, 0 = q + f - w. What are the prime factors of q?
2, 3, 7
Let c = 24 - 21. Let q be (100/(-15))/(c/(-72)). List the prime factors of q/(-2 - 0 - -3).
2, 5
Let k = -82 - -41. Let c = -41 - k. Suppose -2*b - 4*h + 8*h + 448 = c, -2*b - 3*h = -448. What are the prime factors of b?
2, 7
Suppose 0 = -o - 2*l - 47, 4*o = o - 2*l - 153. Let w = -60 - o. Let p = 32 + w. List the prime factors of p.
5
Let z = 88512 + -45250. List the prime factors of z.
2, 97, 223
Let x = 55867 + -21043. List the prime factors of x.
2, 3, 1451
Suppose -4*p + 10439 = -q - 10969, -2*p - 5*q = -10726. What are the prime factors of p?
53, 101
What are the prime factors of (0 - (-378)/(-15))*(-65620)/102?
2, 3, 7, 193
Suppose -22*r + 7*r = 420. List the prime factors of r/(-154) + (-3208)/(-22).
2, 73
Suppose -z + 3*b + 19 = 0, 3*b + 0 - 1 = -4*z. Suppose -z*c = -3*k + 6*k - 967, -3*k = -3. What are the prime factors of c?
241
Suppose -2*h + 51 = -5*o, -60 = 33*h - 37*h - 4*o. Suppose -9*s - 3987 = -h*s. List the prime factors of s.
443
Let k = -20 